). Let w be u/(-15) + 2/6. Let n = w - -23. Is n prime?
True
Let c(g) = 4007*g**2 - 16*g + 18. Is c(1) prime?
False
Let r(x) = 2*x**3 - 2*x**2 + 2*x + 1. Let z be r(5). Let o = -211 - z. Is (-21)/14*o/3 a composite number?
False
Let n(x) = x + 11. Suppose 0 = 3*w - 2*w - 20. Let a be (3/6)/((-2)/w). Is n(a) a composite number?
True
Let x(h) = -h**2 - 6*h + 12. Let c be x(-7). Suppose -4*z - c*r = -12896, -r = -2*z - z + 9691. Is z prime?
True
Let u(i) = 209*i**3 + 5*i**2 - 5*i + 2. Is u(1) prime?
True
Let i(v) = -256*v + 4. Let f be i(-7). Let c = -1244 + f. Let w = c - -127. Is w a prime number?
False
Suppose 2*o + 1 - 7 = 0. Suppose -3*v + 2*r + o*r + 4058 = 0, -r + 6810 = 5*v. Is v a composite number?
False
Suppose 7*r = -24 - 4. Is 30/60 - 2*4101/r a composite number?
True
Let s(c) = -59*c**2 + 2*c + 4. Let o be s(-2). Let r = o + 1123. Is r prime?
True
Is 27361 - (-3 - -5 - 1)*0 prime?
True
Let t be (0 - -3*2982) + -5 + 5. Let h = t + -5513. Is h prime?
True
Suppose 2*c = -3*v + 1005 + 3904, 4*v - 4*c - 6552 = 0. Is v prime?
True
Suppose 3 = j - 5. Let l(r) = -j*r + 7*r**2 - 4 - 19*r**2 - r**3 + 4*r**2. Is l(-9) prime?
True
Let v(h) = 6*h**2 - 6*h - 7. Let q be (-1 + 1)/2 - -3. Suppose 3*c = -2*c + b + 24, 2*b = q*c - 13. Is v(c) a prime number?
True
Let r(l) = 8*l**3 + l**2 - 3*l + 3. Suppose s + 4 = 2. Let i be 1 - (1 - 4 - s). Is r(i) composite?
True
Suppose -c + 122 = 2*d, -10*d + 230 = 2*c - 13*d. Suppose -5*y = -172 - 33. Let s = c - y. Is s a prime number?
False
Let v be 1255*1/(-4)*-4. Suppose 20*z - v = 15*z. Is z prime?
True
Suppose i - 9 = -2*i, 24 = 3*h - 2*i. Suppose h*u - u - 3771 = 0. Is u a prime number?
True
Is (-17)/((-357)/(-14))*42153/(-2) a composite number?
False
Is -2 + (-3 - -1) + -1 + 62 a composite number?
True
Suppose -8*a + 4436 = -127860. Is a composite?
True
Suppose -4*g - 10 = 2*o + 8, 2*g = -2*o - 6. Let f be (-4137)/g - (-5)/10. Let c = f + -373. Is c composite?
False
Let v(j) = -1681*j + 3. Is v(-8) prime?
True
Let p(z) = -22*z - 4. Let t be p(-3). Let s = t - 36. Is s a prime number?
False
Let z(h) = h**3 - 10*h**2 - 10*h + 3. Let m be z(11). Let j(c) = 3*c**3 + m*c**2 - 7*c - 10*c**3 + 6*c**3 - c**2 - 20. Is j(11) composite?
True
Let r be (2 + 1/(-1))*3. Let b be (3322 - 1)/r - 0. Let g = b + -638. Is g prime?
False
Suppose 6*h - 2*h - 2*q + 622 = 0, -q = h + 154. Let j = -1461 - -967. Let v = h - j. Is v a composite number?
True
Let m(s) = 67*s - 5. Let z be m(1). Let b = 543 - z. Is b prime?
False
Let o = 10 - -1. Suppose 8*w - o*w - 558 = 0. Let q = w - -445. Is q prime?
False
Let c(o) = 10*o**2 + 1. Let l = 26 + -13. Suppose -5*q - h = 2*h + 12, 4*h - l = 3*q. Is c(q) composite?
True
Let a(w) = -474*w**2 - 2*w + 2. Let o be a(-2). Let t = 3081 + o. Is t prime?
False
Let c(l) be the first derivative of -88*l**2 + 7*l + 25. Is c(-5) composite?
False
Let p(b) = 62*b**2 + 9*b - 2. Is p(-7) a prime number?
False
Let t(w) be the second derivative of -115*w**3/2 - 5*w**2/2 - 9*w. Is t(-2) a composite number?
True
Let z = 783 + -1948. Let u = -824 - z. Is u prime?
False
Suppose -3*a + 5*c - 71 = 0, 0*a + 84 = -2*a - 4*c. Let v = 223 + a. Is v prime?
True
Suppose -8*j + 20 - 4 = 0. Let p(s) = 146*s + 1. Is p(j) prime?
True
Suppose 3*o - 24654 - 5748 = -3*u, o = -4*u + 40533. Is u prime?
True
Let k = 511 + -36. Suppose 4*y + 3*h = 1243 + k, 6 = -3*h. Is y a composite number?
False
Let q(i) = 11*i + 5. Let g be q(-1). Is (4 + g - -3) + 294 composite?
True
Let u = 106 + -504. Is (-3)/18 + u/(-12) composite?
True
Let d = -1375 - -2358. Is d a prime number?
True
Suppose -414*p = -406*p - 38680. Is p a composite number?
True
Suppose -5*t - 5404 = -4*m, m + 3*t - 1351 = -0*m. Is m prime?
False
Let b be 200/30*6/5. Let w be (1 - 3)*(-4)/b. Is 0 + w + 214 + 6 prime?
False
Let x = 14 + -13. Is (2 + -1264)*x/(-2) a composite number?
False
Let v(u) = -2 - 3 + 4 - 24*u - 4. Let h = 6 - 13. Is v(h) a composite number?
False
Suppose 11*b - 8333 = -2*b. Is b prime?
True
Suppose 2*z = -l + 3891 + 200, 5*z = 0. Is l a composite number?
False
Let b = 4 + -3. Let n be b + 2 - (1 - -2). Suppose -2*z - 2*z + 388 = n. Is z a prime number?
True
Let y(b) = b + 110. Let o be y(0). Let w be (-20)/o - (-64)/(-11). Let c(u) = 3*u**2 + 8*u - 1. Is c(w) a composite number?
False
Let v = -45 - -45. Suppose 4*q + 274 - 1150 = v. Is q prime?
False
Let r(k) = -553*k + 160. Is r(-37) prime?
False
Suppose -29*u = -4*w - 28*u + 1177, 0 = 5*w + u - 1478. Is w composite?
True
Suppose 15*g + 225 = 6*g. Let h = 356 + g. Is h prime?
True
Suppose -3*v = -5*l - 895 + 118, 0 = -3*v - 4*l + 777. Is v prime?
False
Suppose 0*b - 18770 = -b - 3*k, 0 = 5*b - 3*k - 93904. Is b a prime number?
False
Is 266126/49 + 1/(-11 - -4) composite?
False
Suppose -3*h + 3*g + 13615 = -2*g, -h - 5*g + 4525 = 0. Is h a composite number?
True
Let k = -250 - 225. Let l = 871 - k. Is l a prime number?
False
Suppose 1942*a - 1949*a = -67585. Is a composite?
True
Let n be 2/(-5)*(-50)/2. Suppose 6*q - n = 4*q. Suppose d = -2*d + 9, d + 1262 = q*i. Is i prime?
False
Let y(o) = 11*o**2 - 10. Let u(i) = -i**2 + 3*i + 15. Let d be u(6). Is y(d) prime?
True
Let c(v) = -40*v - 1 - 4*v**2 + 25*v + 7*v**2. Is c(12) a prime number?
True
Suppose -1335 = -5*d + 5*n, 141 - 675 = -2*d + 5*n. Let f = d - -386. Is f a composite number?
False
Suppose -n + 3420 = 3*z + 2*n, 0 = -4*z - n + 4569. Suppose -13*k + z = -4*k. Is k prime?
True
Suppose 56*z = 28*z + 1067164. Is z a prime number?
True
Let g(b) = 42*b**2 - 16*b + 45. Is g(8) prime?
False
Let s = -45 + 47. Is 2*(s/9 - 17511/(-54)) a prime number?
False
Is (-4)/(-6)*(-1005)/(-10) prime?
True
Suppose 0 = -5*x - 16*k + 12*k + 7627, -4*x + 6107 = 5*k. Is x a prime number?
True
Is 21957 + (-63)/(-7) + -3 prime?
False
Suppose -3*r - 5409 = -5*o + 1035, r + 2152 = 3*o. Let s = 3185 + r. Is s a composite number?
True
Let u be -29*(-84 - 0/3). Let x = 379 + u. Is x prime?
False
Let n(v) = 5*v**3 + 4*v**2 - 12*v + 17. Let d(r) = 4*r**3 + 5*r**2 - 13*r + 17. Let t(z) = -3*d(z) + 2*n(z). Is t(-7) a composite number?
True
Suppose -2*v = v. Let y be 38/10 + (-4)/(-20). Suppose v = 2*z - y*z + 92. Is z prime?
False
Let x(n) = 2*n + 1. Let o(m) = -3*m - 1. Let d(v) = 3*o(v) + 2*x(v). Let w be d(-1). Suppose -3*u - 232 = -4*b, 5*u + 169 = 3*b + w*u. Is b composite?
True
Let v(n) be the first derivative of -2*n - 7 - 213/2*n**2. Is v(-1) composite?
False
Let r = -37 + 35. Is 53/(3 + -3 - r/10) a composite number?
True
Let j(u) = -96 - 3*u**2 + 106 - 7*u + 2*u**2. Let y be j(-8). Suppose 4*d - 169 = q + 171, 0 = -d + y*q + 85. Is d a composite number?
True
Let v(z) = 7*z**3 + 0*z + 0*z**3 - 2*z**2 - 4 - 5*z**3 + z. Let g be v(3). Suppose 127 - g = 2*j. Is j prime?
False
Let r(k) = -k**3 + 2*k**2 - 4*k - 2. Let f be r(-5). Let u = f - 19. Let d = u + 127. Is d prime?
False
Let x be 2/(-2)*(6 - -1). Let i(o) = 3*o - 1. Let v be i(1). Is (-1560)/(-21) + v/x composite?
True
Let u be ((-22)/(-4))/((-16)/(-18112)). Suppose -3*v - 8*v + u = 0. Is v a composite number?
True
Suppose 108 + 137 = k. Suppose -k = 5*o + 5*v, 30 = 5*v + 10. Let j = o - -186. Is j prime?
False
Let u be 29 + (0/1 - 3). Let l be (-54)/(-1)*(-2)/(-3). Suppose -2*p = -l - u. Is p prime?
True
Is 12249/(-6)*(-2)/(-6)*-2 a composite number?
False
Suppose -2*l = -3*q + 1975, l - 1304 = -2*q - 4*l. Is q - 16/(16/4) a prime number?
True
Let f(b) = -4*b**3 + 3*b**2 - b - 1. Let o be f(1). Is 21*((-10)/(-3) + o) a prime number?
True
Let p = 1553 + -423. Suppose -2*i + 2210 = 5*w - w, 0 = -i + 3*w + p. Is i prime?
False
Suppose 15*x - 20*x - d = -129091, 0 = 3*d + 12. Is x prime?
True
Let m(x) = 81*x**2 + x + 21. Let c(h) = -40*h**2 - h - 10. Let i be (-1428)/(-132) + 2/11. Let b(a) = i*c(a) + 6*m(a). Is b(-7) prime?
False
Suppose 0 = 4*c - 2*c + 2, -c - 16886 = -5*g. Is g composite?
True
Let m be (-26978)/63 - 2/(-9). Let h = m + 605. Is h a prime number?
False
Let a = 43301 - 22708. Is a prime?
True
Is (-2)/(1/3 - 25729/76989) composite?
False
Suppose 5*o - 362399 = 5*t - 8*t, -t = -2*o + 144964. Is o a composite number?
False
Suppose -4*v - 96 = -4840. Suppose 3 = x, -2*n - 8*x + 4*x = -v. Is n prime?
True
Suppose -4*n - 56173 = -17*n. Is n a prime number?
False
Is (-15238)/(-3)*1*(-6)/(-4) a p